
Suppose 1159 = 22*d - 139. What are the prime factors of d?
59
Suppose 3*t - 179046 = -3*d, 0 = -16*t + 21*t + d - 298378. List the prime factors of t.
2, 29837
Let q be (9 - 3 - 5) + 0. Let r be q*-1*(-3 + 2). What are the prime factors of (r - 0) + 0 + 206?
3, 23
Suppose -5*l = -5*r - 175, -3*r - 5*l - 115 = -3*l. Let g = -58 - r. What are the prime factors of (54/g)/((-9)/210)?
2, 3, 5
Suppose -3*v + 15 = -8*v, 3*h = -5*v - 3. Suppose h*o - 13*o = -4113. What are the prime factors of o?
457
Let d(b) = 16*b**2 + 16*b + 5. Let o be d(14). Suppose 21465 = 25*h + o. List the prime factors of h.
2, 181
Suppose -2*y = -5*u - 6240, 3*u = -70*y + 65*y + 15538. List the prime factors of y.
2, 5, 311
Let r = 83 - 75. Suppose 9*o = -r + 44. Let f(p) = 2*p**3 + 12*p + 2. What are the prime factors of f(o)?
2, 89
Let n be 6/(-8) - 1761/(-12). Suppose -106 = 4*j + n. Let h = 117 + j. List the prime factors of h.
2, 3
Suppose -35*q = -15*q - 250169 + 31389. What are the prime factors of q?
10939
Suppose -61*n + 633819 = -670422. List the prime factors of n.
3, 7127
Let f(a) = -8*a**2 + 53*a + 23. Let i be f(7). Suppose h = i + 3, 1991 = k - 4*h. What are the prime factors of k?
2011
Suppose 2*u - 4815 = -5*t, -3*t = -0*u - u - 2889. Let d = t + -568. What are the prime factors of d?
5, 79
Let a be (245 + 1)/(2/(-15)). Let t = a - -2760. What are the prime factors of t?
3, 5, 61
Suppose 4 + 1 = -5*k, 2*n = -3*k + 1. List the prime factors of (n*-2)/(76/(-874)).
2, 23
Let f(z) = 10*z**3 - 7*z**2 - 135. Let g be f(17). Suppose 49*v + 4391 = g. List the prime factors of v.
11, 79
Let w(y) = 29*y**2 - 58*y - 73. List the prime factors of w(9).
2, 877
Suppose -7*d + 17*d = 20. Suppose 1094 - 266 = d*w. Let r = -239 + w. List the prime factors of r.
5, 7
Let x(g) = 7*g + 16. Let i be x(4). Let j be -1 + 4 + -4 + -24. Let k = i - j. List the prime factors of k.
3, 23
List the prime factors of (-164 - -181) + 2642*20.
3, 7, 839
Suppose 1317*m - 1353*m + 221616 = 0. List the prime factors of m.
2, 3, 19
Suppose -71*j + 74*j - z - 362 = 0, -5*z = 4*j - 470. What are the prime factors of j?
2, 3, 5
Suppose -2*a = -5*a + 12, -5*s - 3*a = -92. Let k = s - 8. Let w(f) = f**3 - 6*f**2 - 7*f - 1. What are the prime factors of w(k)?
71
Let q be ((-5)/(-1) - 1) + -2. Suppose q = 24*n - 23*n. What are the prime factors of 8*(n + 16 + 4)?
2, 11
What are the prime factors of (273/(-56) - (-7 - -2)) + (-28551)/(-8)?
43, 83
Suppose 0 = 3*o + 5*o - 8. Let h(x) be the third derivative of 2*x**5/15 - x**4/8 + x**3/6 - 2*x**2. What are the prime factors of h(o)?
2, 3
Suppose 0 = 3*w + 4*o - 1177, -2*w + 818 = -4*o - 0*o. Suppose -w - 345 = -s. List the prime factors of (s/9 + 0)*12/8.
2, 31
Let a be (-6)/(-15)*2*-5. Let z = 62 - a. List the prime factors of z.
2, 3, 11
Suppose -13*j + 602 = -0*j - 100. Let h(u) = -4*u**2 - u. Let l be h(-1). Let y = j + l. What are the prime factors of y?
3, 17
Let x = -238 + 117. What are the prime factors of (-30)/55 + (-108240)/x?
2, 3, 149
Let m(v) = 7*v**2 - 66*v - 270. What are the prime factors of m(37)?
6871
Let w be (14 - 11)/((-6)/(-10)). Let p(a) = 9*a**3 + 5*a**2 - a - 17. List the prime factors of p(w).
2, 307
Let l(t) = -t**3 + 1 - 8*t - 8 + 529*t**2 - 536*t**2. Let u be l(-6). Let i(b) = 5*b**2 - 2*b + 16. List the prime factors of i(u).
131
Suppose -14542 = -v + 4*c, -4*v + 3*c + 47462 + 10706 = 0. What are the prime factors of v?
2, 11, 661
Let l(v) = 67*v - 206. Let q be l(10). Suppose -q - 236 = -g. List the prime factors of g.
2, 5, 7
Let t(i) = -i**2 - 5*i + 12. Let p be t(-8). What are the prime factors of (128/(-10))/(p/330)?
2, 11
Let i(q) = -183*q - 1974. List the prime factors of i(-34).
2, 3, 59
Let l = 2199 + 3936. List the prime factors of l.
3, 5, 409
Let f be 8*(4 + 33/(-12)). Suppose v - f*v = 0. Suppose v*g - 5*g + 3*q + 194 = 0, 2*g - 59 = -5*q. List the prime factors of g.
37
Suppose 4*a + 36 = 5*j, j - 4*a - 12 = 2*j. Suppose j*o = 15*o - 4191. List the prime factors of o.
3, 127
Let y be -70 + 1 + 6/6. Let g be 192072/689 + (-3)/(-13). Let p = y + g. What are the prime factors of p?
211
Let d be 2 + -1 + (-3)/12*-4. Suppose -d*z = -3*m + 1445, -4*m + z - 6*z = -1942. Suppose -8 = -q + f + 95, -3*f + m = 5*q. List the prime factors of q.
3, 11
Let o(v) = 3*v**3 - 96*v**2 + v - 31. Let g be o(32). What are the prime factors of 9 + (-14628)/(-18) + g/3?
2, 3, 137
Let z(v) be the first derivative of v**4/4 + 7*v**3/3 - 3*v**2 - 11*v + 46. List the prime factors of z(5).
7, 37
Let a be 372/10*(7 + 45/(-10)). Suppose -97*x + 1324 = -a*x. What are the prime factors of x?
331
Suppose u - 5*d = 3, -8*d + 5*d - 6 = 0. Let k(r) = r**3 + 11*r**2 + 5*r - 16. Let s be k(u). What are the prime factors of ((-153)/(-85))/(1/s)?
3, 29
Suppose -r = -2*w, 2*w - 5*r + 0 + 16 = 0. Let v = 9 - w. Suppose v*n = -20 + 55. What are the prime factors of n?
5
Suppose 0 = -r + 2*r. Suppose r = z - 6*z + 15. List the prime factors of (-7)/21 + 97/z.
2
Suppose 4*o + 1 = -19. Let i = o - -6. What are the prime factors of i + -4 + 6*10?
3, 19
What are the prime factors of (-36054)/(-8)*(-304)/(-228)?
3, 2003
Let z(k) = 585*k**2 - 25*k - 22. What are the prime factors of z(-2)?
2, 37
Suppose -5*b - 4*c - 1113 = 0, 0*b + 2*b + 2*c + 446 = 0. Let s = 700 + b. List the prime factors of s.
479
Suppose 2*z - 170 = 7*z. Let c = -333 - -387. Let v = c + z. What are the prime factors of v?
2, 5
Let z be -9*9/27 - 56/4. Let g(l) be the third derivative of -l**4/8 + 7*l**3/3 - l**2. What are the prime factors of g(z)?
5, 13
Let r(a) = 35*a**2 + 10*a - 15. Let y be r(6). Suppose -774 = -7*s + y. List the prime factors of s.
3, 11
What are the prime factors of 3665257/657 - (-2)/9?
7, 797
Suppose z - 2*z + 4*o = -387, -1119 = -3*z - 2*o. What are the prime factors of (z/(-6) - 6)*-2?
137
Let u = 5680 - -9238. List the prime factors of u.
2, 7459
Let z(t) = -31*t + 10. Suppose c = d - 25 + 4, 4*c + 67 = 3*d. Let w = -23 + d. What are the prime factors of z(w)?
2, 7
Suppose 9*f - 104 = 58. What are the prime factors of f/(-15)*1*-875?
2, 3, 5, 7
Suppose 14 = 24*i - 17*i. What are the prime factors of (-1)/i + 12309/22?
13, 43
Let f(t) = -7*t + 178. Let u = 72 + -72. What are the prime factors of f(u)?
2, 89
Suppose 3*o - 2*q = 2, q = 2*o - 3*q + 12. Suppose -o*x - 3416 = -11*x. What are the prime factors of x?
2, 61
Suppose -83*u = -89*u + 120. Suppose -u*i + 7371 = -7*i. List the prime factors of i.
3, 7
List the prime factors of 59165/((-7 - -1) + 68/8).
2, 11833
Suppose 141239 = 4*u - 4*v + v, -105930 = -3*u + 2*v. What are the prime factors of u?
2, 2207
Let p = -2306 - 381. Let d = 3833 + p. What are the prime factors of d?
2, 3, 191
Let d = 105 + -35. Suppose 8*a + d = 6*a. What are the prime factors of (-3)/(-4)*-9*(a - -11)?
2, 3
Let g = -64 + 206. List the prime factors of g - (-1)/(6/12).
2, 3
Let s be 3*(-1 + (-22)/(-6)). Suppose 5*v - s*v = 0. Suppose 0 = -4*x + 2*y + 86, v*x - x = 3*y - 39. List the prime factors of x.
2, 3
Let s(p) = 2*p + 109. Let j be s(-36). What are the prime factors of 8/2 - (-15836)/j?
2, 3
Suppose -4*p - m + 3 = 0, 5*p + 6 - 13 = 2*m. Let l(o) = o + 5 + 27*o + 23 + p. List the prime factors of l(7).
3, 5
Let p be (0 - (-7)/(28/8)) + 3. Suppose 93 = -p*z - 47. What are the prime factors of 2*(z/(-1) + -3)?
2, 5
Let u = 6833 - -1152. List the prime factors of u.
5, 1597
What are the prime factors of -299*(-1810)/35 + 104/(-182)?
2, 3, 859
Let x be 330/88 + 2/8. Suppose x*o + 496 = 1560. List the prime factors of o.
2, 7, 19
What are the prime factors of 4150 + 88*(-4)/(-32)?
3, 19, 73
Suppose -18336 = -136*h + 144*h. Let o = h - -3638. What are the prime factors of o?
2, 673
Let x(m) = -m**2 - 1. Let s(q) = -q**3 - 15*q**2 + 21*q + 26. Suppose 0 = -5*k + 8*k + 3. Let u(c) = k*s(c) + x(c). What are the prime factors of u(-15)?
3, 7
List the prime factors of (2 - 18)/((-36)/38898).
2, 2161
Let w(b) = b + 15. Let o be -3*6/(-9) + -17. Let p be w(o). Suppose 5*a + 16 = 3*g, -g = -p*a + a. What are the prime factors of g?
2
Suppose -5 = 2*g - 13. Let v(j) = -6 + 33*j**2 - 3*j - 11 - 41*j**2 - g - j**3. List the prime factors of v(-9).
3, 29
Let x(r) = -18*r**3 - 2*r**2 - 22*r - 18. Let p be x(-11). Suppose 21*d = -14*d + p.